{"id":911,"date":"2013-04-11T13:12:52","date_gmt":"2013-04-11T12:12:52","guid":{"rendered":"http:\/\/wordpress.erlebenswelten.de\/?page_id=911"},"modified":"2013-12-09T23:40:32","modified_gmt":"2013-12-09T22:40:32","slug":"911-2","status":"publish","type":"page","link":"http:\/\/wordpress.erlebenswelten.de\/","title":{"rendered":"Erlebenswelten.de"},"content":{"rendered":"<p>steht f\u00fcr<\/p>\n<h2><strong>Begleitung, Potenzialentfaltung und gewaltfreie Kommunikation<\/strong><\/h2>\n<p>Und das in vielen <strong>unterschiedlichen Bereichen!<\/strong><\/p>\n<p><strong>St\u00f6bern <\/strong>Sie ein bisschen auf <strong>diesen Seiten herum<\/strong>.<br \/>\nVielleicht sto\u00dfen Sie dabei auf das, was jetzt in <strong>diesem Moment<\/strong> f\u00fcr <strong>Sie passend <\/strong>scheint.<\/p>\n<p>In diesem Sinne: <strong>bleiben Sie neugierig!<\/strong><\/p>\n<p>Herzlichst<\/p>\n<p>Andreas<\/p>\n","protected":false},"excerpt":{"rendered":"<p>steht f\u00fcr Begleitung, Potenzialentfaltung und gewaltfreie Kommunikation Und das in vielen unterschiedlichen Bereichen! St\u00f6bern Sie ein bisschen auf diesen Seiten herum. Vielleicht sto\u00dfen Sie dabei auf das, was jetzt in diesem Moment f\u00fcr Sie passend scheint. In diesem Sinne: bleiben &hellip; <a href=\"http:\/\/wordpress.erlebenswelten.de\/\">Weiterlesen <span class=\"meta-nav\">&rarr;<\/span><\/a><\/p>\n","protected":false},"author":2,"featured_media":0,"parent":0,"menu_order":0,"comment_status":"closed","ping_status":"closed","template":"onecolumn-page.php","meta":{"footnotes":""},"class_list":["post-911","page","type-page","status-publish","hentry"],"_links":{"self":[{"href":"http:\/\/wordpress.erlebenswelten.de\/index.php?rest_route=\/wp\/v2\/pages\/911","targetHints":{"allow":["GET"]}}],"collection":[{"href":"http:\/\/wordpress.erlebenswelten.de\/index.php?rest_route=\/wp\/v2\/pages"}],"about":[{"href":"http:\/\/wordpress.erlebenswelten.de\/index.php?rest_route=\/wp\/v2\/types\/page"}],"author":[{"embeddable":true,"href":"http:\/\/wordpress.erlebenswelten.de\/index.php?rest_route=\/wp\/v2\/users\/2"}],"replies":[{"embeddable":true,"href":"http:\/\/wordpress.erlebenswelten.de\/index.php?rest_route=%2Fwp%2Fv2%2Fcomments&post=911"}],"version-history":[{"count":17,"href":"http:\/\/wordpress.erlebenswelten.de\/index.php?rest_route=\/wp\/v2\/pages\/911\/revisions"}],"predecessor-version":[{"id":1357,"href":"http:\/\/wordpress.erlebenswelten.de\/index.php?rest_route=\/wp\/v2\/pages\/911\/revisions\/1357"}],"wp:attachment":[{"href":"http:\/\/wordpress.erlebenswelten.de\/index.php?rest_route=%2Fwp%2Fv2%2Fmedia&parent=911"}],"curies":[{"name":"wp","href":"https:\/\/api.w.org\/{rel}","templated":true}]}}