{"id":807,"date":"2013-04-01T19:46:58","date_gmt":"2013-04-01T17:46:58","guid":{"rendered":"http:\/\/localhost\/wordpress\/?page_id=807"},"modified":"2014-03-27T18:21:30","modified_gmt":"2014-03-27T17:21:30","slug":"kids-only","status":"publish","type":"page","link":"http:\/\/wordpress.erlebenswelten.de\/?page_id=807","title":{"rendered":"Kids only Sportklettern Einsteigerkurs 1-Halbtages-Seminar"},"content":{"rendered":"<p>Die <strong>Einsteigerkurse <\/strong>sind darauf <strong>ausgelegt<\/strong>, die <strong>Grundlagen des Sportkletterns <\/strong>zu <strong>vermitteln<\/strong>. Sie <strong>eignen <\/strong>sich f\u00fcr <strong>Kinder<\/strong>, die das <strong>Sportklettern erst angefangen haben <\/strong>und f\u00fcr <strong>diejenigen<\/strong>, die bisher <strong>\u201ceinfach nur geklettert\u201d <\/strong>sind, <strong>ohne <\/strong>sich richtig mit der <strong>Technik <\/strong>zu besch\u00e4ftigen. Die Kurse finden nach den Richtlinien des Deutschen Alpenvereins statt.<\/p>\n<p>Folgende <strong>Inhalte <\/strong>sind in unserem <strong>1-Halbtages-Seminar <\/strong>geplant.<br \/>\nGesamtdauer 1x 4h (incl. Pausen)<\/p>\n<p><strong>Materialkunde:<\/strong> Gurte, Karabiner, Seile, Kletterschuhe<br \/>\n<strong>Knotenkunde:<\/strong> Aufbau und Einsatz verschiedener Knoten<br \/>\n<strong>Sicherungstechnik: <\/strong>Das 1\u00d71 des Sicherns mit dem HMS<br \/>\n<strong>Bodywork: <\/strong>Sportkletterspezifisches Aufw\u00e4rmen<br \/>\n<strong>Klettertechniken: <\/strong>Greifen und Treten, Steh-Technik<\/p>\n<p>In der <strong>Kursgeb\u00fchr <\/strong>sind der <strong>Eintritt in die Kletterhalle, die Leihgeb\u00fchren f\u00fcr Klettergurt, Karabiner und Seil enthalten. <\/strong> Kletterschuhe k\u00f6nnen bei Bedarf gegen eine geringe zus\u00e4tzliche Geb\u00fchr ausgeliehen werden.<\/p>\n<p><strong>Termine 2014 unter &#8222;<a title=\"Aktuelles \/ Veranstaltungen\" href=\"http:\/\/www.wordpress.erlebenswelten.de\/?page_id=451\" target=\"_blank\">Aktuelles\/Veranstaltungen<\/a>&#8220; <\/strong>(\u00f6ffnet ein neues Fenster)<br \/>\n<strong>Leitung:<\/strong> Trainer C Sportklettern<br \/>\n<strong>Teilnehmer:<\/strong> 4 &#8211; 8 Personen (Einzeltermine nach Absprache m\u00f6glich)<br \/>\n<strong>Leistung:<\/strong> Inhalt wie oben beschrieben<br \/>\n<strong>Investition:<\/strong> 33,- Euro<br \/>\n<strong>Ort:<\/strong> Schwabach<br \/>\n<strong>Anmeldung:<\/strong> \u00fcber das <a title=\"Kontakt\" href=\"http:\/\/www.wordpress.erlebenswelten.de\/?page_id=825\">Kontaktformular<\/a> mit Nennung des Kurses<\/p>\n<p><strong>Zusatzkosten:<\/strong> bei Bedarf Leihgeb\u00fchr f\u00fcr Kletterschuhe<\/p>\n<p><strong>Ab vier Teilnehmern werden auf Anfrage Einsteiger- oder Fortgeschrittenenkurse zum Wunschtermin angeboten.<\/strong><\/p>\n","protected":false},"excerpt":{"rendered":"<p>Die Einsteigerkurse sind darauf ausgelegt, die Grundlagen des Sportkletterns zu vermitteln. Sie eignen sich f\u00fcr Kinder, die das Sportklettern erst angefangen haben und f\u00fcr diejenigen, die bisher \u201ceinfach nur geklettert\u201d sind, ohne sich richtig mit der Technik zu besch\u00e4ftigen. Die &hellip; <a href=\"http:\/\/wordpress.erlebenswelten.de\/?page_id=807\">Weiterlesen <span class=\"meta-nav\">&rarr;<\/span><\/a><\/p>\n","protected":false},"author":2,"featured_media":0,"parent":223,"menu_order":0,"comment_status":"closed","ping_status":"closed","template":"onecolumn-page.php","meta":{"footnotes":""},"class_list":["post-807","page","type-page","status-publish","hentry"],"_links":{"self":[{"href":"http:\/\/wordpress.erlebenswelten.de\/index.php?rest_route=\/wp\/v2\/pages\/807","targetHints":{"allow":["GET"]}}],"collection":[{"href":"http:\/\/wordpress.erlebenswelten.de\/index.php?rest_route=\/wp\/v2\/pages"}],"about":[{"href":"http:\/\/wordpress.erlebenswelten.de\/index.php?rest_route=\/wp\/v2\/types\/page"}],"author":[{"embeddable":true,"href":"http:\/\/wordpress.erlebenswelten.de\/index.php?rest_route=\/wp\/v2\/users\/2"}],"replies":[{"embeddable":true,"href":"http:\/\/wordpress.erlebenswelten.de\/index.php?rest_route=%2Fwp%2Fv2%2Fcomments&post=807"}],"version-history":[{"count":10,"href":"http:\/\/wordpress.erlebenswelten.de\/index.php?rest_route=\/wp\/v2\/pages\/807\/revisions"}],"predecessor-version":[{"id":1459,"href":"http:\/\/wordpress.erlebenswelten.de\/index.php?rest_route=\/wp\/v2\/pages\/807\/revisions\/1459"}],"up":[{"embeddable":true,"href":"http:\/\/wordpress.erlebenswelten.de\/index.php?rest_route=\/wp\/v2\/pages\/223"}],"wp:attachment":[{"href":"http:\/\/wordpress.erlebenswelten.de\/index.php?rest_route=%2Fwp%2Fv2%2Fmedia&parent=807"}],"curies":[{"name":"wp","href":"https:\/\/api.w.org\/{rel}","templated":true}]}}