{"id":501,"date":"2013-03-15T18:45:49","date_gmt":"2013-03-15T17:45:49","guid":{"rendered":"http:\/\/localhost\/wordpress\/?page_id=501"},"modified":"2013-04-30T15:46:09","modified_gmt":"2013-04-30T14:46:09","slug":"wildniscamp-sommerferien","status":"publish","type":"page","link":"http:\/\/wordpress.erlebenswelten.de\/?page_id=501","title":{"rendered":"Wildniscamp Sommerferien"},"content":{"rendered":"<p>Dieses <strong>3-t\u00e4gige Wildnisscamp <\/strong>veranstalten wir zur Zeit exklusiv f\u00fcr eine Privatschule im M\u00fcnchner Raum. Unser Ziel ist es u.a., <strong>Kind und Natur <\/strong>wieder ein <strong>St\u00fcck n\u00e4her <\/strong>zu bringen.<\/p>\n<p>Sie sind <strong>Verantworlicher einer Schule, <\/strong>wissen um die <strong>Bed\u00fcrfnisse Ihrer Elternschaft, <\/strong>ihre Kinder in <strong>verantwortungsvolle H\u00e4nde <\/strong>zu geben, weil die Arbeit \u201cruft\u201d und m\u00f6chten in Zukunft ein <strong>Angebot dieser Art<\/strong> anbieten?<\/p>\n<p>Sie sind nur einen <strong>kurzen Anruf <\/strong>weit davon entfernt! Oder verwenden Sie einfach das <a title=\"Kontakt\" href=\"http:\/\/www.wordpress.erlebenswelten.de\/?page_id=825\"><strong>Kontaktformular<\/strong><\/a> f\u00fcr den <strong>Erst-Kontakt<\/strong>.<br \/>\n<strong>Wir freuen uns darauf, Sie, Ihre Schule und die Sch\u00fcler kennen zu lernen!<\/strong><\/p>\n","protected":false},"excerpt":{"rendered":"<p>Dieses 3-t\u00e4gige Wildnisscamp veranstalten wir zur Zeit exklusiv f\u00fcr eine Privatschule im M\u00fcnchner Raum. Unser Ziel ist es u.a., Kind und Natur wieder ein St\u00fcck n\u00e4her zu bringen. Sie sind Verantworlicher einer Schule, wissen um die Bed\u00fcrfnisse Ihrer Elternschaft, ihre &hellip; <a href=\"http:\/\/wordpress.erlebenswelten.de\/?page_id=501\">Weiterlesen <span class=\"meta-nav\">&rarr;<\/span><\/a><\/p>\n","protected":false},"author":2,"featured_media":0,"parent":320,"menu_order":4,"comment_status":"closed","ping_status":"closed","template":"onecolumn-page.php","meta":{"footnotes":""},"class_list":["post-501","page","type-page","status-publish","hentry"],"_links":{"self":[{"href":"http:\/\/wordpress.erlebenswelten.de\/index.php?rest_route=\/wp\/v2\/pages\/501","targetHints":{"allow":["GET"]}}],"collection":[{"href":"http:\/\/wordpress.erlebenswelten.de\/index.php?rest_route=\/wp\/v2\/pages"}],"about":[{"href":"http:\/\/wordpress.erlebenswelten.de\/index.php?rest_route=\/wp\/v2\/types\/page"}],"author":[{"embeddable":true,"href":"http:\/\/wordpress.erlebenswelten.de\/index.php?rest_route=\/wp\/v2\/users\/2"}],"replies":[{"embeddable":true,"href":"http:\/\/wordpress.erlebenswelten.de\/index.php?rest_route=%2Fwp%2Fv2%2Fcomments&post=501"}],"version-history":[{"count":1,"href":"http:\/\/wordpress.erlebenswelten.de\/index.php?rest_route=\/wp\/v2\/pages\/501\/revisions"}],"predecessor-version":[{"id":1239,"href":"http:\/\/wordpress.erlebenswelten.de\/index.php?rest_route=\/wp\/v2\/pages\/501\/revisions\/1239"}],"up":[{"embeddable":true,"href":"http:\/\/wordpress.erlebenswelten.de\/index.php?rest_route=\/wp\/v2\/pages\/320"}],"wp:attachment":[{"href":"http:\/\/wordpress.erlebenswelten.de\/index.php?rest_route=%2Fwp%2Fv2%2Fmedia&parent=501"}],"curies":[{"name":"wp","href":"https:\/\/api.w.org\/{rel}","templated":true}]}}