{"id":153,"date":"2012-12-25T19:41:16","date_gmt":"2012-12-25T18:41:16","guid":{"rendered":"http:\/\/localhost\/wordpress\/?page_id=9"},"modified":"2013-12-09T17:16:28","modified_gmt":"2013-12-09T16:16:28","slug":"training","status":"publish","type":"page","link":"http:\/\/wordpress.erlebenswelten.de\/?page_id=153","title":{"rendered":"Training B2B"},"content":{"rendered":"<p>M\u00f6chten wir <strong>besser <\/strong>werden in dem was wir tun,<br \/>\nm\u00fcssen wir <strong>trainieren<\/strong>, <strong>Altes \u00fcben <\/strong>und <strong>Neues hinzulernen.<br \/>\n<\/strong>Immer und immer wieder.<\/p>\n<p>Am besten funktioniert das in einem <strong>gesch\u00fctzen Raum.<br \/>\n<\/strong><strong>Vor <\/strong>dem <strong>Wettkampf<\/strong>! Und nicht erst 100 Meter nach der Startlinie!<\/p>\n<p>Mit unseren verschiedenen Trainings bieten wir genau diese M\u00f6glichkeit an.<\/p>\n<p><strong>Teambuilding<\/strong>, bevor die Projekte kommen<br \/>\n<strong>Teamentwicklung<\/strong>, um nicht im Stillstand zu bleiben<br \/>\n<strong>Konfliktmanagement<\/strong>, damit\u00b4s gar nicht erst zu Streitereien kommt<br \/>\n<strong>Burnout-Pr\u00e4vention<\/strong>, der &#8222;Erste-Hilfe-Kurs&#8220; f\u00fcr die Seele<\/p>\n<p><strong>Unser liebstes Angebot f\u00fcr B2B:<br \/>\n<\/strong>eine, auf <strong>Ihre Belange abgestimmte Kombination <\/strong>aus allen unseren Angeboten.<br \/>\nNicht, weil wir viel viel Kohle verdienen wollen, sondern weil wir davon \u00fcberzeugt sind,<br \/>\ndass die Mischung aus diesen Angeboten, die <strong>Komfortzone ihrer Mitarbeiter <\/strong>um ein <strong>Vielfaches vergr\u00f6\u00dfert.<\/strong><br \/>\nUnd das ist <strong>unser Ziel. <\/strong>Eigentlich unser generelles Ziel.<br \/>\n<strong>Wir wollen, <\/strong>dass alle <strong>Teilnehmer<\/strong>, egal ob Business oder Privat, ihre <strong>Komfortzone vergr\u00f6\u00dfern <\/strong>k\u00f6nnen.<br \/>\nJe <strong>gr\u00f6\u00dfer <\/strong>die <strong>Komfortzone <\/strong>ist, desto <strong>ruhiger <\/strong>bleibt der <strong>Puls<\/strong>.<br \/>\nJe <strong>ruhiger <\/strong>der <strong>Puls<\/strong>, desto <strong>besser <\/strong>ist das <strong>Denken<\/strong>. Je <strong>besser <\/strong>das <strong>Denken<\/strong>, desto <strong>besser <\/strong>das <strong>Ergebnis<\/strong>.<br \/>\n<strong>Was wollen wir mehr?<br \/>\n<\/strong><br \/>\nIn diesem Sinne: <strong>Schauen Sie sich um<\/strong>.<\/p>\n<p>Herzlichst<\/p>\n<p>Andreas<\/p>\n","protected":false},"excerpt":{"rendered":"<p>M\u00f6chten wir besser werden in dem was wir tun, m\u00fcssen wir trainieren, Altes \u00fcben und Neues hinzulernen. Immer und immer wieder. Am besten funktioniert das in einem gesch\u00fctzen Raum. Vor dem Wettkampf! Und nicht erst 100 Meter nach der Startlinie! &hellip; <a href=\"http:\/\/wordpress.erlebenswelten.de\/?page_id=153\">Weiterlesen <span class=\"meta-nav\">&rarr;<\/span><\/a><\/p>\n","protected":false},"author":2,"featured_media":0,"parent":151,"menu_order":2,"comment_status":"closed","ping_status":"closed","template":"onecolumn-page.php","meta":{"footnotes":""},"class_list":["post-153","page","type-page","status-publish","hentry"],"_links":{"self":[{"href":"http:\/\/wordpress.erlebenswelten.de\/index.php?rest_route=\/wp\/v2\/pages\/153","targetHints":{"allow":["GET"]}}],"collection":[{"href":"http:\/\/wordpress.erlebenswelten.de\/index.php?rest_route=\/wp\/v2\/pages"}],"about":[{"href":"http:\/\/wordpress.erlebenswelten.de\/index.php?rest_route=\/wp\/v2\/types\/page"}],"author":[{"embeddable":true,"href":"http:\/\/wordpress.erlebenswelten.de\/index.php?rest_route=\/wp\/v2\/users\/2"}],"replies":[{"embeddable":true,"href":"http:\/\/wordpress.erlebenswelten.de\/index.php?rest_route=%2Fwp%2Fv2%2Fcomments&post=153"}],"version-history":[{"count":3,"href":"http:\/\/wordpress.erlebenswelten.de\/index.php?rest_route=\/wp\/v2\/pages\/153\/revisions"}],"predecessor-version":[{"id":1347,"href":"http:\/\/wordpress.erlebenswelten.de\/index.php?rest_route=\/wp\/v2\/pages\/153\/revisions\/1347"}],"up":[{"embeddable":true,"href":"http:\/\/wordpress.erlebenswelten.de\/index.php?rest_route=\/wp\/v2\/pages\/151"}],"wp:attachment":[{"href":"http:\/\/wordpress.erlebenswelten.de\/index.php?rest_route=%2Fwp%2Fv2%2Fmedia&parent=153"}],"curies":[{"name":"wp","href":"https:\/\/api.w.org\/{rel}","templated":true}]}}